 = -9*c. Give v(c).
7
Let y be 4/6 - (26/(-6) - -1). Let f(g) = -2821*g - 2*g**3 + 2822*g - 4*g**2 - 3 + 3*g**3. Calculate f(y).
1
Let c(o) be the second derivative of -o**5/20 + o**4/12 + 5*o**3/3 + 13*o**2/2 + 88*o - 1. Calculate c(4).
5
Let d = -3175 - -3184. Let q(x) = 10*x - 87. Give q(d).
3
Let s(v) = -2*v + 18. Let w(l) = -l**3 - 40*l**2 - 75*l + 27. Let u be w(-38). What is s(u)?
40
Let z(p) be the second derivative of -p**5/20 + 7*p**4/6 - p**3/3 - 72*p**2 - 97*p + 17. Calculate z(13).
-1
Suppose c + 42 = 2*d, -70 = -4*d - 0*d - 5*c. Let p = d - 17. Let v(n) = -p + n + n**3 - 5*n - 2*n**2 + 11*n**2 + 14*n. Give v(-7).
25
Let q(k) be the second derivative of -k**5/20 + k**4 + k**3/2 - 12*k**2 + 6650*k. What is q(12)?
12
Let t = 1801 - 1809. Let q(n) = -n**3 - 6*n**2 + 5*n + 8. What is q(t)?
96
Let s(c) be the second derivative of -1/2*c**2 - 1/3*c**3 + 0 - 167*c + 1/3*c**4 - 1/10*c**5. Determine s(2).
-5
Let n(p) = -p**2 - 32 + 107*p - 219*p - 12 - 15 + 130*p. Calculate n(14).
-3
Let v = -666 - -1172. Let w(b) = -505*b - 5 + 4 + v*b. Calculate w(-7).
-8
Let d = -9712 + 9693. Let l(q) = -17*q - 316. Calculate l(d).
7
Let w(x) = -40*x + 45. Let m(c) = 214*c - 226. Let z(n) = -3*m(n) - 16*w(n). Determine z(-18).
-6
Suppose -3*o - 4*k + 18 = 0, 10 = 2*k + 4. Let i = -1 - o. Let r(v) = -8*v - 4*v - 2*v**3 + 9*v + v**3 - 2*v**2 - 3*v**2 + 4. Determine r(i).
-5
Let b(n) be the first derivative of 40 + 6*n - 1/3*n**3 + 3*n**2. Determine b(8).
-10
Suppose -118*i + 117*i = -1. Let a be i + (-2)/2*2 + 4. Suppose 2*b + a*v - 17 = 0, -5*b + 8*v = 10*v - 15. Let h(j) = -5*j. Give h(b).
-5
Let n(i) = -3*i**2 - 3765*i**3 + 3764*i**3 - 2*i - 20*i**2 - 52. Determine n(-23).
-6
Suppose -5*h - k = 2*k - 616, -3*h + 360 = -3*k. Let p(z) = 118*z - 243*z - 21 + h*z. Give p(-9).
6
Let m(s) = s**3 + 4*s**2 - 3*s - 3. Suppose -10*v = v + 66. Let x = -6 - v. Suppose x = -r + 3 - 8. Give m(r).
-13
Let l(j) = -j - 7. Let c(t) = -6*t - 30. Let g(d) = -2*c(d) + 9*l(d). Let z = -2 + 10. Let p = -2 + z. What is g(p)?
15
Let j(g) = -7*g**3 + g**2 - 42*g - 60. Let b(z) = 3*z**3 - z**2 + 19*z + 29. Let n(c) = 9*b(c) + 4*j(c). Calculate n(-5).
6
Let v(a) = -a**3 + 10*a**2 + 17*a + 22. Let m(w) = -w**3 + 10*w**2 + 20*w + 25. Let t(d) = 6*m(d) - 7*v(d). Calculate t(10).
6
Let j(v) = 33*v + 79. Let o(p) = -23*p - 52. Let x(u) = 5*j(u) + 7*o(u). Calculate x(-6).
7
Let h(t) be the third derivative of t**5/12 + 35*t**4/24 - 10*t**3/3 - 5*t**2 - 25*t - 3. What is h(-9)?
70
Let g(s) = -s**3 - 4*s**2 + 3*s + 4. Let v be g(-4). Let w(a) = 37*a + 14. Let k(u) = 28*u + 13. Let b(y) = 4*k(y) - 3*w(y). Calculate b(v).
2
Let h(k) = -k - 5. Let l = 514 - 514. Suppose 5*j - 10 = -2*w, 5*j + l*w = -4*w + 20. Determine h(j).
-5
Let a(j) be the third derivative of j**7/2520 - j**6/120 + j**5/30 - 3*j**4/4 + j**3 + j**2 + 45. Let n(u) be the second derivative of a(u). Give n(4).
-4
Let z be 0 + 2 + (55 - 19). Let x(t) = -81*t + 40*t + z*t. Let q(n) = 2*n**3 + 2*n**2 - 3*n - 2. Let f be q(-2). Give x(f).
12
Let m(x) = 6*x. Suppose -48*z - 16 = -46*z - 2*d, 3*z + 26 = 5*d. Let c(o) be the second derivative of -o**3/3 - 13*o**2/2 - o. Let a be c(z). Give m(a).
6
Let l(f) = 5*f**3 - 48*f**2 + 24*f + 33. Let d be l(9). Let r(q) = -5*q - 10. Let y(k) = -9*k - 20. Let s(w) = 11*r(w) - 6*y(w). What is s(d)?
4
Let c be 3/(-6)*-18 + -5. Suppose -9*j + 13*j - 52 = -c*t, -3*t = 4*j - 52. Let q(d) = -d**2 + 15*d - 15. What is q(j)?
11
Let r(h) = 2*h**3 - 24*h**2 - 26*h - 3. Let n be 90/63 + 243/21. Determine r(n).
-3
Suppose 4*y + 10 = -y. Let o be 4 + (-12)/3 - y. Let u(g) = g - g + 5 - o*g. What is u(4)?
-3
Let d(n) = -3464 + 6978 + n - 3*n - 3532. Let w = 20 + -33. What is d(w)?
8
Let g(m) = -m**3 - 11*m**2 + 42*m - 12. Let f be g(-14). Let w(o) = 7*o - 13*o - 13 - 16*o**3 + 17*o**3 - 5 + 11*o**2 - 7*o. Give w(f).
-6
Suppose 3*t = 3*x + 549, 191 = 2*x - 3*x + 5*t. Let w = 166 + x. Let d(f) = -f - 12. What is d(w)?
3
Let d be (-11)/((-396)/48) + (-1)/3. Let g(j) = -5*j + 6. Let f(u) = 4*u - 5. Let l(p) = 4*f(p) + 3*g(p). Give l(d).
-1
Let x = 3 - 3. Let k(p) be the third derivative of -p**7/5040 - p**6/144 + p**5/6 - 14*p**2. Let i(t) be the third derivative of k(t). Determine i(x).
-5
Let s(a) = -a**3 + a**2 + 1. Let h be 12/8*(13 + -11). Let i be 1*(0 - (-1 + -4 + h)). What is s(i)?
-3
Let i(k) be the third derivative of -1/120*k**6 + 33*k**2 - 1/30*k**5 + 0*k + 0*k**3 + 1/24*k**4 + 0. Give i(-2).
-2
Let t(c) = 38*c + 2367*c**3 + 2 - 21*c**2 - 43*c - 2368*c**3. Calculate t(-21).
107
Let o(t) = -5*t + 11. Let a(m) = 2*m - 2. Let s(q) = -a(q) - o(q). Let c = -457 - -460. Give s(c).
0
Let j(q) = -q**2 + 5*q + 18. Let b be 10 - ((-6)/(-8))/((-291)/(-776)). What is j(b)?
-6
Let p(u) = -7*u + 645*u**2 - 9 - 259*u**2 - 393*u**2. Give p(-2).
-23
Let r(u) = u**2 - 8*u + 2. Let d be (-39)/(-6) - 9/(-6). Let z be r(d). Let c(k) = -93945 - k + 93945. Determine c(z).
-2
Let y(m) = -2*m + 26064*m**3 + m - 26068*m**3 - 1. Let h(n) = n**2 + 4*n - 6. Let j be h(-5). Give y(j).
4
Suppose -52*f = -17*f - 245. Let h(o) be the third derivative of o**4/24 - 5*o**3/3 + 184*o**2. Give h(f).
-3
Let c = 267 - 264. Suppose -c*j = -3*v - 2*v - 6, 0 = 3*j - 6. Let m(t) = -t**2 - 15. Give m(v).
-15
Let p(k) = 6*k**2 - 17*k + 2. Let g(v) = -2*v**2 + 235*v + 121. Let z be g(118). Give p(z).
5
Let g(b) be the third derivative of b**5/60 + 7*b**4/24 + b**3/2 + b**2. Suppose -4*r = 4*s + 56 + 8, 0 = -13*r - 117. Calculate g(s).
3
Let m(p) = -3*p + 48. Let r = 10319 - 10305. What is m(r)?
6
Suppose 346*j - 343*j = -24. Let m(l) be the third derivative of l**5/60 + 3*l**4/8 + 5*l**3/6 + l**2. Calculate m(j).
-3
Let d(h) = -2*h + 4. Let o(m) = m - 2. Let s(y) = -3*d(y) - 5*o(y). Let c = 10866 + -10868. What is s(c)?
-4
Suppose -2*w = -2*r - 10, 2*r = -3*w + 7 - 2. Let h(y) = -36*y + 11*y + 14*y + 15*y + 2. Let s be h(r). Let n(x) = x**2 + 8*x + 9. Calculate n(s).
-3
Let i = 579 + -580. Let n(j) = 42*j. Let o(b) = 85*b - 1. Let l(u) = -5*n(u) + 3*o(u). Let q(z) = -23*z + 1. Let a(h) = 2*l(h) + 5*q(h). What is a(i)?
24
Let v(k) be the second derivative of k**4/12 - 2*k**3/3 + 2*k**2 - 31*k. Let t be v(4). Suppose -2*u - 4 = t. Let b(n) = -n - 3. Determine b(u).
1
Let i(h) = 8*h - 3. Let q(d) = -15*d + 7. Let c be 2*((-8)/(-40))/(2/25). Suppose -c = -3*j - 23. Let s(p) = j*q(p) - 11*i(p). Determine s(7).
5
Let g be (-2)/(-5) + 592/(-80). Let h(o) = -o - o**3 - 2*o**2 - 5*o**2 + 0*o**2 + 0*o**2. Determine h(g).
7
Let k(q) = 2*q**2 - 2*q - 37. Let f(b) = b**2 + b - 16. Let t(d) = 3*f(d) - k(d). Determine t(2).
3
Suppose -14*o + 331 = -719. Suppose -o*a + 15 = -70*a. Let z(v) = v**2 - 5*v + 2. Calculate z(a).
-4
Let v(d) = d - 8. Let o = 40 + -34. Let r be 14/7 + 4 - o. Give v(r).
-8
Let y be 43 - 51 - -1*(-4)/(-1). Let k(h) = -h - 2. Let u(c) = 2*c - 2. Let i(t) = y*k(t) + 5*u(t). What is i(-3)?
-44
Let d be (-3505)/10 + 6/12. Let r = 349 + d. Let t(z) be the first derivative of 3*z**4/2 - z**3/3 + z**2/2 + z + 3. Give t(r).
-7
Let i(h) be the second derivative of -h**5/10 + 29*h**4/6 + 7*h**2/2 + 89*h - 5. Give i(29).
7
Let m(y) = 4*y + 19. Let s be m(20). Let p(f) = -s*f**2 + 1 + 93*f**2 + 0. Let t = -347 - -346. Give p(t).
-5
Suppose -4 = -3*u + 5. Let x(f) = -19*f**3 + 29*f**2 - 4*f + 4. Let j(l) = -4*l**3 + 6*l**2 - l + 1. Let y(p) = 14*j(p) - 3*x(p). Give y(u).
-4
Suppose -126*i + 109*i = 233 - 63. Let a(t) = t**3 + 9*t**2 - 13*t - 38. Give a(i).
-8
Suppose -115*q - 36 = -111*q. Let t(s) = -3*s - 4. Let a(m) = 2*m + 2. Let r(u) = q*a(u) - 4*t(u). Calculate r(-1).
4
Let f(o) = -o**2 - 5*o - 6. Let z be f(-4). Let l(u) = -47*u + 6998. Let g(k) = k - 175. Let n(s) = 40*g(s) + l(s). Determine n(z).
12
Let x(k) = -6*k**3 - 39*k**2 + 9*k + 5. Let w be x(-6). Let i = -141 - w. Let r(f) = f**3 - 15*f**2 - 18*f + 40. Calculate r(i).
8
Let i = 0 - -3. Suppose 0 = u + u - 4*z + 10, i*u = z - 5. Let j be 1/u - ((8 - 5) + -4). Let k(q) = q + 6. Give k(j).
6
Let b(z) = -z**3 + 6*z**2 - 11*z - 101. Let i(f) = 6*f**3 - 37*f**2 + 56*f + 604. Let c(u) = -17*b(u) - 3*i(u). Calculate c(10).
-5
Suppose -2*k - 4*y = -54, -3*k + 6*k = 4*y + 51. Let n(f) = -f**3 + 23*f**2 - 44*f + 36. Give n(k).
-6
Let x(z) be the first derivative of -5*z**3/3 - 55*z**2/2 